{"id":459,"date":"2026-01-23T12:22:14","date_gmt":"2026-01-23T10:22:14","guid":{"rendered":"https:\/\/www.connectez-moi.fr\/?page_id=459"},"modified":"2026-01-23T12:24:02","modified_gmt":"2026-01-23T10:24:02","slug":"mentions-legales","status":"publish","type":"page","link":"https:\/\/www.connectez-moi.fr\/index.php\/mentions-legales\/","title":{"rendered":"MENTIONS L\u00c9GALES"},"content":{"rendered":"\t\t<div data-elementor-type=\"wp-page\" data-elementor-id=\"459\" class=\"elementor elementor-459\">\n\t\t\t\t\t\t<section class=\"elementor-section elementor-top-section elementor-element elementor-element-067d389 elementor-section-boxed elementor-section-height-default elementor-section-height-default wpr-particle-no wpr-jarallax-no wpr-parallax-no wpr-sticky-section-no\" data-id=\"067d389\" data-element_type=\"section\" data-e-type=\"section\">\n\t\t\t\t\t\t<div class=\"elementor-container elementor-column-gap-default\">\n\t\t\t\t\t<div class=\"elementor-column elementor-col-100 elementor-top-column elementor-element elementor-element-be85934\" data-id=\"be85934\" data-element_type=\"column\" data-e-type=\"column\">\n\t\t\t<div class=\"elementor-widget-wrap elementor-element-populated\">\n\t\t\t\t\t\t<div class=\"elementor-element elementor-element-28b9188 elementor-widget elementor-widget-spacer\" data-id=\"28b9188\" data-element_type=\"widget\" data-e-type=\"widget\" data-widget_type=\"spacer.default\">\n\t\t\t\t\t\t\t<div class=\"elementor-spacer\">\n\t\t\t<div class=\"elementor-spacer-inner\"><\/div>\n\t\t<\/div>\n\t\t\t\t\t\t<\/div>\n\t\t\t\t<div class=\"elementor-element elementor-element-41209db elementor-widget elementor-widget-heading\" data-id=\"41209db\" data-element_type=\"widget\" data-e-type=\"widget\" data-widget_type=\"heading.default\">\n\t\t\t\t\t<h2 class=\"elementor-heading-title elementor-size-default\">MENTIONS L\u00c9GALES<\/h2>\t\t\t\t<\/div>\n\t\t\t\t<div class=\"elementor-element elementor-element-0d39ec0 elementor-widget elementor-widget-spacer\" data-id=\"0d39ec0\" data-element_type=\"widget\" data-e-type=\"widget\" data-widget_type=\"spacer.default\">\n\t\t\t\t\t\t\t<div class=\"elementor-spacer\">\n\t\t\t<div class=\"elementor-spacer-inner\"><\/div>\n\t\t<\/div>\n\t\t\t\t\t\t<\/div>\n\t\t\t\t<div class=\"elementor-element elementor-element-88ed660 elementor-widget elementor-widget-text-editor\" data-id=\"88ed660\" data-element_type=\"widget\" data-e-type=\"widget\" data-widget_type=\"text-editor.default\">\n\t\t\t\t\t\t\t\t\t<p><span style=\"font-weight: 400;\">Conform\u00e9ment aux dispositions des Articles 6-III et 19 de la Loi n\u00b02004-575 du 21 juin 2004 pour la Confiance dans l\u2019\u00c9conomie Num\u00e9rique, dite L.C.E.N., il est port\u00e9 \u00e0 la connaissance des utilisateurs et visiteurs du site <\/span><b>connectez-moi.fr<\/b><span style=\"font-weight: 400;\"> les pr\u00e9sentes mentions l\u00e9gales.<\/span><\/p><ol><li><b> \u00c9DITION DU SITE<\/b><\/li><\/ol><p><span style=\"font-weight: 400;\">Le site <\/span><b>connectez-moi.fr<\/b><span style=\"font-weight: 400;\"> est \u00e9dit\u00e9 par la soci\u00e9t\u00e9 <\/span><b>SAS OTANGO<\/b><span style=\"font-weight: 400;\">, au capital social de 1 000,00 \u20ac, immatricul\u00e9e au Registre du Commerce et des Soci\u00e9t\u00e9s (RCS) de Marseille sous le num\u00e9ro de SIRET <\/span><i><span style=\"font-weight: 400;\">912 839 602 00014<\/span><\/i><span style=\"font-weight: 400;\">.<\/span><\/p><ul><li style=\"font-weight: 400;\" aria-level=\"1\"><b>Si\u00e8ge social :<\/b><span style=\"font-weight: 400;\"> 8 rue de la R\u00e9publique, 13001 Marseille, France.<\/span><\/li><li style=\"font-weight: 400;\" aria-level=\"1\"><b>Num\u00e9ro de TVA Intracommunautaire :<\/b><span style=\"font-weight: 400;\"> FR74912839602<\/span><\/li><li style=\"font-weight: 400;\" aria-level=\"1\"><b>Directeur de la publication :<\/b><span style=\"font-weight: 400;\"> Monsieur Franck BENGUIGUI.<\/span><\/li><li style=\"font-weight: 400;\" aria-level=\"1\"><b>Contact :<\/b><span style=\"font-weight: 400;\"> hello@connectez-moi.fr \u2013 T\u00e9l.\u00a0: 04 84 51 23 00<\/span><\/li><\/ul><ol start=\"2\"><li><b> H\u00c9BERGEMENT<\/b><\/li><\/ol><p><span style=\"font-weight: 400;\">Le site est h\u00e9berg\u00e9 par la soci\u00e9t\u00e9 <\/span><b>OVH SAS<\/b><span style=\"font-weight: 400;\">.<\/span><\/p><ul><li style=\"font-weight: 400;\" aria-level=\"1\"><b>Adresse de l&rsquo;h\u00e9bergeur :<\/b><span style=\"font-weight: 400;\"> 2 rue Kellermann &#8211; 59100 Roubaix &#8211; France.<\/span><\/li><li style=\"font-weight: 400;\" aria-level=\"1\"><b>Site web :<\/b> <a href=\"https:\/\/www.ovh.com\"><span style=\"font-weight: 400;\">www.ovh.com<\/span><\/a><\/li><\/ul><ol start=\"3\"><li><b> PROPRI\u00c9T\u00c9 INTELLECTUELLE<\/b><\/li><\/ol><p><span style=\"font-weight: 400;\">L&rsquo;ensemble de ce site (structure, design, logos, textes, images, technologie LiveSIM et algorithmes propri\u00e9taires) est la propri\u00e9t\u00e9 exclusive de la <\/span><b>SAS OTANGO<\/b><span style=\"font-weight: 400;\">. Toute reproduction, repr\u00e9sentation, modification, publication, adaptation de tout ou partie des \u00e9l\u00e9ments du site, quel que soit le moyen ou le proc\u00e9d\u00e9 utilis\u00e9, est interdite, sauf autorisation \u00e9crite pr\u00e9alable de Monsieur Franck BENGUIGUI.<\/span><\/p><p><span style=\"font-weight: 400;\">L&rsquo;exploitation non autoris\u00e9e du site ou de l&rsquo;un quelconque des \u00e9l\u00e9ments qu&rsquo;il contient sera consid\u00e9r\u00e9e comme constitutive d&rsquo;une contrefa\u00e7on et poursuivie conform\u00e9ment aux dispositions des articles L.335-2 et suivants du Code de Propri\u00e9t\u00e9 Intellectuelle.<\/span><\/p><ol start=\"4\"><li><b> PROTECTION DES DONN\u00c9ES PERSONNELLES (RGPD)<\/b><\/li><\/ol><p><span style=\"font-weight: 400;\">La SAS OTANGO s&rsquo;engage \u00e0 ce que la collecte et le traitement de vos donn\u00e9es, effectu\u00e9s \u00e0 partir du site <\/span><b>connectez-moi.fr<\/b><span style=\"font-weight: 400;\">, soient conformes au R\u00e8glement G\u00e9n\u00e9ral sur la Protection des Donn\u00e9es (RGPD) et \u00e0 la loi Informatique et Libert\u00e9s.<\/span><\/p><ul><li style=\"font-weight: 400;\" aria-level=\"1\"><b>Responsable du traitement :<\/b><span style=\"font-weight: 400;\"> Franck BENGUIGUI.<\/span><\/li><li style=\"font-weight: 400;\" aria-level=\"1\"><b>Finalit\u00e9 :<\/b><span style=\"font-weight: 400;\"> Les donn\u00e9es collect\u00e9es servent \u00e0 la gestion des commandes, \u00e0 l&rsquo;activation des profils LiveSIM et \u00e0 la gestion de la relation client.<\/span><\/li><li style=\"font-weight: 400;\" aria-level=\"1\"><b>Droits des utilisateurs :<\/b><span style=\"font-weight: 400;\"> Conform\u00e9ment \u00e0 la r\u00e9glementation, vous disposez d&rsquo;un droit d&rsquo;acc\u00e8s, de rectification, de suppression et d&rsquo;opposition aux donn\u00e9es personnelles vous concernant. Ces droits s&rsquo;exercent par e-mail \u00e0 : rgpd@connectez-moi.fr.<\/span><\/li><\/ul><ol start=\"5\"><li><b> COOKIES<\/b><\/li><\/ol><p><span style=\"font-weight: 400;\">Le site <\/span><b>connectez-moi.fr<\/b><span style=\"font-weight: 400;\"> peut \u00eatre amen\u00e9 \u00e0 vous demander l\u2019acceptation des cookies pour des besoins de statistiques et d&rsquo;affichage. Un cookie est une information d\u00e9pos\u00e9e sur votre disque dur par le serveur du site que vous visitez. Certaines parties de ce site ne peuvent \u00eatre fonctionnelles sans l\u2019acceptation de cookies (notamment le tunnel d&rsquo;achat et l&rsquo;espace client).<\/span><\/p><ol start=\"6\"><li><b> M\u00c9DIATION ET LITIGES<\/b><\/li><\/ol><p><span style=\"font-weight: 400;\">Les pr\u00e9sentes conditions du site sont r\u00e9gies par les lois fran\u00e7aises. En cas de contestation ou de litiges qui pourraient na\u00eetre de l&rsquo;interpr\u00e9tation ou de l&rsquo;ex\u00e9cution de celles-ci, la comp\u00e9tence exclusive est attribu\u00e9e au <\/span><b>Tribunal de Commerce de Marseille<\/b><span style=\"font-weight: 400;\">.<\/span><\/p><p><br \/><span style=\"font-weight: 400;\">Prendre connaissance de nos <\/span><b>Conditions G\u00e9n\u00e9rales de Vente (CGV)<\/b><\/p>\t\t\t\t\t\t\t\t<\/div>\n\t\t\t\t\t<\/div>\n\t\t<\/div>\n\t\t\t\t\t<\/div>\n\t\t<\/section>\n\t\t\t\t<\/div>\n\t\t","protected":false},"excerpt":{"rendered":"<p>MENTIONS L\u00c9GALES Conform\u00e9ment aux dispositions des Articles 6-III et 19 de la Loi n\u00b02004-575 du 21 juin 2004 pour la Confiance dans l\u2019\u00c9conomie Num\u00e9rique, dite L.C.E.N., il est port\u00e9 \u00e0 la connaissance des utilisateurs et visiteurs du site connectez-moi.fr les pr\u00e9sentes mentions l\u00e9gales. \u00c9DITION DU SITE Le site connectez-moi.fr est \u00e9dit\u00e9 par la soci\u00e9t\u00e9 SAS OTANGO, au capital social de 1 000,00 \u20ac, immatricul\u00e9e au Registre du Commerce et des Soci\u00e9t\u00e9s (RCS) de Marseille sous le num\u00e9ro de SIRET 912 839 602 00014. Si\u00e8ge social : 8 rue de la R\u00e9publique, 13001 Marseille, France. Num\u00e9ro de TVA Intracommunautaire : FR74912839602 Directeur de la publication : Monsieur Franck BENGUIGUI. Contact : hello@connectez-moi.fr \u2013 T\u00e9l.\u00a0: 04 84 51 23 00 H\u00c9BERGEMENT Le site est h\u00e9berg\u00e9 par la soci\u00e9t\u00e9 OVH SAS. Adresse de l&rsquo;h\u00e9bergeur : 2 rue Kellermann &#8211; 59100 Roubaix &#8211; France. Site web : www.ovh.com PROPRI\u00c9T\u00c9 INTELLECTUELLE L&rsquo;ensemble de ce site (structure, design, logos, textes, images, technologie LiveSIM et algorithmes propri\u00e9taires) est la propri\u00e9t\u00e9 exclusive de la SAS OTANGO. Toute reproduction, repr\u00e9sentation, modification, publication, adaptation de tout ou partie des \u00e9l\u00e9ments du site, quel que soit le moyen ou le proc\u00e9d\u00e9 utilis\u00e9, est interdite, sauf autorisation \u00e9crite pr\u00e9alable de Monsieur Franck BENGUIGUI. L&rsquo;exploitation non autoris\u00e9e du site ou de l&rsquo;un quelconque des \u00e9l\u00e9ments qu&rsquo;il contient sera consid\u00e9r\u00e9e comme constitutive d&rsquo;une contrefa\u00e7on et poursuivie conform\u00e9ment aux dispositions des articles L.335-2 et suivants du Code de Propri\u00e9t\u00e9 Intellectuelle. PROTECTION DES DONN\u00c9ES PERSONNELLES (RGPD) La SAS OTANGO s&rsquo;engage \u00e0 ce que la collecte et le traitement de vos donn\u00e9es, effectu\u00e9s \u00e0 partir du site connectez-moi.fr, soient conformes au R\u00e8glement G\u00e9n\u00e9ral sur la Protection des Donn\u00e9es (RGPD) et \u00e0 la loi Informatique et Libert\u00e9s. Responsable du traitement : Franck BENGUIGUI. Finalit\u00e9 : Les donn\u00e9es collect\u00e9es servent \u00e0 la gestion des commandes, \u00e0 l&rsquo;activation des profils LiveSIM et \u00e0 la gestion de la relation client. Droits des utilisateurs : Conform\u00e9ment \u00e0 la r\u00e9glementation, vous disposez d&rsquo;un droit d&rsquo;acc\u00e8s, de rectification, de suppression et d&rsquo;opposition aux donn\u00e9es personnelles vous concernant. Ces droits s&rsquo;exercent par e-mail \u00e0 : rgpd@connectez-moi.fr. COOKIES Le site connectez-moi.fr peut \u00eatre amen\u00e9 \u00e0 vous demander l\u2019acceptation des cookies pour des besoins de statistiques et d&rsquo;affichage. Un cookie est une information d\u00e9pos\u00e9e sur votre disque dur par le serveur du site que vous visitez. Certaines parties de ce site ne peuvent \u00eatre fonctionnelles sans l\u2019acceptation de cookies (notamment le tunnel d&rsquo;achat et l&rsquo;espace client). M\u00c9DIATION ET LITIGES Les pr\u00e9sentes conditions du site sont r\u00e9gies par les lois fran\u00e7aises. En cas de contestation ou de litiges qui pourraient na\u00eetre de l&rsquo;interpr\u00e9tation ou de l&rsquo;ex\u00e9cution de celles-ci, la comp\u00e9tence exclusive est attribu\u00e9e au Tribunal de Commerce de Marseille. Prendre connaissance de nos Conditions G\u00e9n\u00e9rales de Vente (CGV)<\/p>\n","protected":false},"author":1,"featured_media":0,"parent":0,"menu_order":0,"comment_status":"closed","ping_status":"closed","template":"","meta":{"footnotes":""},"class_list":["post-459","page","type-page","status-publish","hentry"],"_links":{"self":[{"href":"https:\/\/www.connectez-moi.fr\/index.php\/wp-json\/wp\/v2\/pages\/459","targetHints":{"allow":["GET"]}}],"collection":[{"href":"https:\/\/www.connectez-moi.fr\/index.php\/wp-json\/wp\/v2\/pages"}],"about":[{"href":"https:\/\/www.connectez-moi.fr\/index.php\/wp-json\/wp\/v2\/types\/page"}],"author":[{"embeddable":true,"href":"https:\/\/www.connectez-moi.fr\/index.php\/wp-json\/wp\/v2\/users\/1"}],"replies":[{"embeddable":true,"href":"https:\/\/www.connectez-moi.fr\/index.php\/wp-json\/wp\/v2\/comments?post=459"}],"version-history":[{"count":4,"href":"https:\/\/www.connectez-moi.fr\/index.php\/wp-json\/wp\/v2\/pages\/459\/revisions"}],"predecessor-version":[{"id":463,"href":"https:\/\/www.connectez-moi.fr\/index.php\/wp-json\/wp\/v2\/pages\/459\/revisions\/463"}],"wp:attachment":[{"href":"https:\/\/www.connectez-moi.fr\/index.php\/wp-json\/wp\/v2\/media?parent=459"}],"curies":[{"name":"wp","href":"https:\/\/api.w.org\/{rel}","templated":true}]}}