{"id":286,"date":"2026-01-16T17:50:49","date_gmt":"2026-01-16T15:50:49","guid":{"rendered":"https:\/\/www.connectez-moi.fr\/?post_type=product&#038;p=286"},"modified":"2026-01-18T00:45:07","modified_gmt":"2026-01-17T22:45:07","slug":"livesim-essentiel","status":"publish","type":"product","link":"https:\/\/www.connectez-moi.fr\/index.php\/produit\/livesim-essentiel\/","title":{"rendered":"LiveSIM Essentiel"},"content":{"rendered":"","protected":false},"excerpt":{"rendered":"<div class=\"elementor-element elementor-element-32a25c4 elementor-widget elementor-widget-text-editor\" data-id=\"32a25c4\" data-element_type=\"widget\" data-widget_type=\"text-editor.default\">\n<h1>LiveSIM 4G<\/h1>\n<p>Parfait pour un usage personnel ou petit bureau. Jusqu\u2019\u00e0 32 appareils connect\u00e9s, bascule automatique sur un autre op\u00e9rateur en cas de panne, antenne ext\u00e9rieure 4G-5G et alimentation nomade 12 volts en option.<\/p>\n<\/div>\n<div class=\"elementor-element elementor-element-5bb2204 elementor-icon-list--layout-traditional elementor-list-item-link-full_width elementor-widget elementor-widget-icon-list\" data-id=\"5bb2204\" data-element_type=\"widget\" data-widget_type=\"icon-list.default\">\n<ul class=\"elementor-icon-list-items\">\n<li class=\"elementor-icon-list-item\"><span class=\"elementor-icon-list-text\">600 Mbps max<\/span><\/li>\n<li class=\"elementor-icon-list-item\"><span class=\"elementor-icon-list-text\">WiFi 5 (802.11ac)<\/span><\/li>\n<li class=\"elementor-icon-list-item\">Multi-op\u00e9rateurs<\/li>\n<li>5 ports Gigabit dont 1 Wan<\/li>\n<\/ul>\n<\/div>\n","protected":false},"featured_media":413,"comment_status":"open","ping_status":"closed","template":"","meta":[],"product_brand":[],"product_cat":[22],"product_tag":[],"class_list":{"0":"post-286","1":"product","2":"type-product","3":"status-publish","4":"has-post-thumbnail","6":"product_cat-routeur-4g","8":"first","9":"instock","10":"shipping-taxable","11":"purchasable","12":"product-type-simple"},"_links":{"self":[{"href":"https:\/\/www.connectez-moi.fr\/index.php\/wp-json\/wp\/v2\/product\/286","targetHints":{"allow":["GET"]}}],"collection":[{"href":"https:\/\/www.connectez-moi.fr\/index.php\/wp-json\/wp\/v2\/product"}],"about":[{"href":"https:\/\/www.connectez-moi.fr\/index.php\/wp-json\/wp\/v2\/types\/product"}],"replies":[{"embeddable":true,"href":"https:\/\/www.connectez-moi.fr\/index.php\/wp-json\/wp\/v2\/comments?post=286"}],"wp:featuredmedia":[{"embeddable":true,"href":"https:\/\/www.connectez-moi.fr\/index.php\/wp-json\/wp\/v2\/media\/413"}],"wp:attachment":[{"href":"https:\/\/www.connectez-moi.fr\/index.php\/wp-json\/wp\/v2\/media?parent=286"}],"wp:term":[{"taxonomy":"product_brand","embeddable":true,"href":"https:\/\/www.connectez-moi.fr\/index.php\/wp-json\/wp\/v2\/product_brand?post=286"},{"taxonomy":"product_cat","embeddable":true,"href":"https:\/\/www.connectez-moi.fr\/index.php\/wp-json\/wp\/v2\/product_cat?post=286"},{"taxonomy":"product_tag","embeddable":true,"href":"https:\/\/www.connectez-moi.fr\/index.php\/wp-json\/wp\/v2\/product_tag?post=286"}],"curies":[{"name":"wp","href":"https:\/\/api.w.org\/{rel}","templated":true}]}}